753423916?
3
What is the hundred millions digit of 658383084?
6
What is the units digit of 21096512?
2
What is the hundreds digit of 10388881?
8
What is the ten millions digit of 365355368?
6
What is the thousands digit of 1381877310?
7
What is the ten thousands digit of 1726644511?
4
What is the hundred thousands digit of 1641488647?
4
What is the ten thousands digit of 62813603?
1
What is the units digit of 1778909717?
7
What is the millions digit of 9828692?
9
What is the hundreds digit of 6022916194?
1
What is the ten millions digit of 33727171?
3
What is the ten millions digit of 3344037536?
4
What is the hundred thousands digit of 29491917?
4
What is the billions digit of 2772711847?
2
What is the millions digit of 78871554?
8
What is the units digit of 26198393?
3
What is the tens digit of 2212583782?
8
What is the units digit of 1035559256?
6
What is the tens digit of 63696632?
3
What is the tens digit of 2514459?
5
What is the ten thousands digit of 670037281?
3
What is the units digit of 602432124?
4
What is the hundred millions digit of 6608972416?
6
What is the hundred millions digit of 128660752?
1
What is the ten millions digit of 13599449?
1
What is the hundreds digit of 533689128?
1
What is the millions digit of 2365274515?
5
What is the ten millions digit of 17972662?
1
What is the hundreds digit of 571829664?
6
What is the hundreds digit of 969756867?
8
What is the ten thousands digit of 143082702?
8
What is the millions digit of 43710173?
3
What is the millions digit of 647675861?
7
What is the units digit of 329841753?
3
What is the units digit of 341873246?
6
What is the billions digit of 2467790179?
2
What is the millions digit of 123325493?
3
What is the ten millions digit of 54181382?
5
What is the ten thousands digit of 13577828?
7
What is the millions digit of 793559448?
3
What is the ten millions digit of 1210679244?
1
What is the ten millions digit of 58483534?
5
What is the hundred millions digit of 1925114741?
9
What is the hundreds digit of 131444195?
1
What is the thousands digit of 3564105574?
5
What is the thousands digit of 523580455?
0
What is the hundred millions digit of 5568678767?
5
What is the ten thousands digit of 308421513?
2
What is the hundred millions digit of 261445685?
2
What is the ten thousands digit of 8154324929?
2
What is the hundreds digit of 20840619?
6
What is the hundreds digit of 11263539?
5
What is the hundred millions digit of 318943976?
3
What is the thousands digit of 44750299?
0
What is the hundred thousands digit of 471135079?
1
What is the units digit of 367951468?
8
What is the tens digit of 95906183?
8
What is the units digit of 1352582697?
7
What is the hundreds digit of 277568465?
4
What is the ten millions digit of 4529769890?
2
What is the thousands digit of 193503278?
3
What is the thousands digit of 2814140106?
0
What is the units digit of 80776791?
1
What is the thousands digit of 161775987?
5
What is the ten millions digit of 2473139357?
7
What is the thousands digit of 1195380375?
0
What is the units digit of 848631062?
2
What is the thousands digit of 321209863?
9
What is the units digit of 1524297584?
4
What is the thousands digit of 242985604?
5
What is the ten millions digit of 49334460?
4
What is the hundreds digit of 143484137?
1
What is the units digit of 1855852129?
9
What is the millions digit of 1079168400?
9
What is the ten thousands digit of 1348340911?
4
What is the ten thousands digit of 31145299?
4
What is the hundreds digit of 50820429?
4
What is the hundred millions digit of 2326803840?
3
What is the ten millions digit of 5463867538?
6
What is the hundred thousands digit of 6193632?
1
What is the tens digit of 158667319?
1
What is the units digit of 5532607275?
5
What is the millions digit of 1014858673?
4
What is the units digit of 6701891585?
5
What is the hundreds digit of 190438519?
5
What is the ten millions digit of 12809619?
1
What is the thousands digit of 5479554213?
4
What is the hundred thousands digit of 94721888?
7
What is the ten thousands digit of 2587395457?
9
What is the millions digit of 14651362?
4
What is the hundreds digit of 16231006?
0
What is the tens digit of 61286932?
3
What is the ten thousands digit of 45776284?
7
What is the ten thousands digit of 101891173?
9
What is the millions digit of 73391407?
3
What is the ten millions digit of 574993276?
7
What is the hundred millions digit of 987627020?
9
What is the ten thousands digit of 774917301?
1
What is the tens digit of 149139561?
6
What is the units digit of 24502443?
3
What is the millions digit of 2934997314?
4
What is the ten thousands digit of 1398478569?
7
What is the hundreds digit of 1496785545?
5
What is the thousands digit of 3229532825?
2
What is the units digit of 6670790?
0
What is the ten thousands digit of 3524528108?
2
What is the millions digit of 2426371109?
6
What is the millions digit of 1514306091?
4
What is the hundreds digit of 7261703?
7
What is the millions digit of 213861278?
3
What is the hundreds digit of 477522066?
0
What is the hundred millions digit of 179164856?
1
What is the ten millions digit of 434394185?
3
What is the thousands digit of 982596532?
6
What is the thousands digit of 1422544746?
4
What is the billions digit of 1138607321?
1
What is the thousands digit of 6534394271?
4
What is the hundred thousands digit of 7836667?
8
What is the tens digit of 47922897?
9
What is the hundreds digit of 10558615?
6
What is the billions digit of 5189238666?
5
What is the ten thousands digit of 48595220?
9
What is the hundred millions digit of 995083060?
9
What is the thousands digit of 6148659299?
9
What is the millions digit of 518268746?
8
What is the ten millions digit of 65887946?
6
What is the hundred millions digit of 215095408?
2
What is the hundred thousands digit of 59034120?
0
What is the ten millions digit of 87982742?
8
What is the ten thousands digit of 1057662399?
6
What is the millions digit of 267070120?
7
What is the hundred thousands digit of 41249908?
2
What is the ten millions digit of 506362778?
0
What is the hundred millions digit of 6837675525?
8
What is the tens digit of 15447286?
8
What is the hundreds digit of 1086968090?
0
What is the hundreds digit of 78834631?
6
What is the ten thousands digit of 2852488710?
8
What is the millions digit of 53209962?
3
What is the thousands digit of 127599337?
9
What is the ten millions digit of 191652807?
9
What is the ten thousands digit of 1396200811?
0
What is the tens digit of 1402841335?
3
What is the ten millions digit of 591710310?
9
What is the ten thousands digit of 52381363?
8
What is the thousands digit of 12960389?
0
What is the hundreds digit of 60142256?
2
What is the millions digit of 5694797726?
4
What is the hundreds digit of 59853343?
3
What is the ten millions digit of 24743037?
2
What is the hundred millions digit of 1203582637?
2
What is the ten millions digit of 122392480?
2
What is the millions digit of 196505675?
6
What is the hundred thousands digit of 87726503?
7
What is the ten millions digit of 455435511?
5
What is the ten thousands digit of 39909784?
0
What is the hundreds digit of 303886154?
1
What is the hundred millions digit of 1061444487?
0
What is the ten millions digit of 5122657999?
2
What is the billions digit of 4035139451?
4
What is the hundred thousands digit of 457887876?
8
What is the hundreds digit of 547738267?
2
What is the ten thousands digit of 14501981?
0
What is the units digit of 48315664?
4
What is the hundred thousands digit of 2014561181?
5
What is the units digit of 65800743?
3
What is the thousands digit of 1989508268?
8
What is the hundred thousands digit of 1260879040?
8
What is the hundreds digit of 319439665?
6
What is the tens digit of 16326804?
0
What is the hundred thousands digit of 3206102518?
1
What is the hundred millions digit of 395398833?
3
What is the ten thousands digit of 86767042?
6
What is the hundreds digit of 267177?
1
What is the hundred millions digit of 221996504?
2
What is the ten thousands digit of 84279411?
7
What is the hundreds digit of 146643654?
6
What is the hundred thousands digit of 64143592?
1
What is the hundreds digit of 116577506?
5
What is the units digit of 3131482270?
0
What is the t